-- phpMyAdmin SQL Dump
-- version 5.2.0
-- https://www.phpmyadmin.net/
--
-- Hôte : localhost
-- Généré le : mar. 19 mars 2024 à 15:03
-- Version du serveur : 10.4.24-MariaDB
-- Version de PHP : 8.1.6

SET SQL_MODE = "NO_AUTO_VALUE_ON_ZERO";
START TRANSACTION;
SET time_zone = "+00:00";


/*!40101 SET @OLD_CHARACTER_SET_CLIENT=@@CHARACTER_SET_CLIENT */;
/*!40101 SET @OLD_CHARACTER_SET_RESULTS=@@CHARACTER_SET_RESULTS */;
/*!40101 SET @OLD_COLLATION_CONNECTION=@@COLLATION_CONNECTION */;
/*!40101 SET NAMES utf8mb4 */;

--
-- Base de données : `tp5exo1`
--

-- --------------------------------------------------------

--
-- Structure de la table `albums`
--

CREATE TABLE `albums` (
  `id` int(11) NOT NULL,
  `titre` varchar(100) NOT NULL,
  `annee` int(11) NOT NULL,
  `slug` varchar(50) NOT NULL
) ENGINE=InnoDB DEFAULT CHARSET=utf8mb4;

--
-- Déchargement des données de la table `albums`
--

INSERT INTO `albums` (`id`, `titre`, `annee`, `slug`) VALUES
(1, 'Talking Heads: 77', 1977, 'talking-heads-77'),
(2, 'More Songs About Buildings and Food', 1978, 'more-songs-about-buildings-and-food'),
(3, 'Fear of Music', 1979, 'fear-of-music'),
(4, 'Remain in Light', 1980, 'remain-in-light'),
(5, 'Speaking in Tongues', 1983, 'speaking-in-tongues');

-- --------------------------------------------------------

--
-- Structure de la table `chansons`
--

CREATE TABLE `chansons` (
  `id` int(11) NOT NULL,
  `album_id` int(11) NOT NULL,
  `ordre` int(11) NOT NULL,
  `titre` varchar(200) NOT NULL,
  `auteur` varchar(255) NOT NULL,
  `duree` varchar(10) NOT NULL
) ENGINE=InnoDB DEFAULT CHARSET=utf8mb4;

--
-- Déchargement des données de la table `chansons`
--

INSERT INTO `chansons` (`id`, `album_id`, `ordre`, `titre`, `auteur`, `duree`) VALUES
(1, 1, 1, 'Uh-Oh, Love Comes to Town', 'David Byrne', '2:48'),
(2, 1, 2, 'New Feeling', 'David Byrne', '3:09'),
(3, 1, 3, 'Tentative Decisions', 'David Byrne', '3:04'),
(4, 1, 4, 'Happy Day', 'David Byrne', '3:55'),
(5, 1, 5, 'Who Is It?', 'David Byrne', '1:41'),
(6, 1, 6, 'No Compassion', 'David Byrne', '4:47'),
(7, 1, 7, 'The Book I Read', 'David Byrne', '4:06'),
(8, 1, 8, 'Don\'t Worry About the Government', 'David Byrne', '3:00'),
(9, 1, 9, 'First Week/Last Week…Carefree', 'David Byrne', '3:19'),
(10, 1, 10, 'Psycho Killer', 'David Byrne, Chris Frantz, Tina Weymouth', '4:19'),
(11, 1, 11, 'Pulled Up', 'David Byrne', '4:29'),
(12, 2, 1, 'Thank You for Sending Me an Angel', 'David Byrne', '2:11'),
(13, 2, 2, 'With Our Love', 'David Byrne', '3:30'),
(14, 2, 3, 'The Good Thing', 'David Byrne', '3:03'),
(15, 2, 4, 'Warning Sign', 'David Byrne, Chris Frantz', '3:55'),
(16, 2, 5, 'The Girls Want to Be With the Girls', 'David Byrne', '2:37'),
(17, 2, 6, 'Found a Job', 'David Byrne', '5:00'),
(18, 2, 7, 'Artists Only', 'David Byrne, Wayne Zieve', '3:34'),
(19, 2, 8, 'I\'m Not in Love', 'David Byrne', '4:33'),
(20, 2, 9, 'Stay Hungry', 'David Byrne, Frantz', '2:39'),
(21, 2, 10, 'Take Me to the River', 'Al Green, Mabon « Teenie » Hodges', '5:00'),
(22, 2, 11, 'The Big Country', 'David Byrne', '5:30'),
(23, 3, 1, 'I Zimbra', 'David Byrne, Brian Eno, Hugo Ball', '3:09'),
(24, 3, 2, 'Mind', 'David Byrne', '4:13'),
(25, 3, 3, 'Paper', 'David Byrne', '2:39'),
(26, 3, 4, 'Cities', 'David Byrne', '4:10'),
(27, 3, 5, 'Life During Wartime (en)', 'David Byrne, Chris Frantz, Jerry Harrison, Tina Weymouth', '3:41'),
(28, 3, 6, 'Memories Can\'t Wait', 'David Byrne, Jerry Harrison', '3:30'),
(29, 3, 7, 'Air', 'David Byrne', '3:34'),
(30, 3, 8, 'Heaven', 'David Byrne, Jerry Harrison', '4:01'),
(31, 3, 9, 'Animals', 'David Byrne', '3:30'),
(32, 3, 10, 'Electric Guitar', 'David Byrne', '3:03'),
(33, 3, 11, 'Drugs', 'David Byrne, Brian Eno', '5:10'),
(34, 4, 1, 'Born Under Punches (The Heat Goes On)', 'David Byrne, Brian Eno, Chris Frantz, Jerry Harrison, Tina Weymouth', '5:49'),
(35, 4, 2, 'Crosseyed and Painless', 'David Byrne, Brian Eno, Chris Frantz, Jerry Harrison, Tina Weymouth', '4:48'),
(36, 4, 3, 'The Great Curve', 'David Byrne, Brian Eno, Chris Frantz, Jerry Harrison, Tina Weymouth', '6:28'),
(37, 4, 4, 'Once in a Lifetime', 'David Byrne, Brian Eno, Chris Frantz, Jerry Harrison, Tina Weymouth', '4:23'),
(38, 4, 5, 'Houses in Motion', 'David Byrne, Brian Eno, Chris Frantz, Jerry Harrison, Tina Weymouth', '4:33'),
(39, 4, 6, 'Seen and Not Seen', 'David Byrne, Brian Eno, Chris Frantz, Jerry Harrison, Tina Weymouth', '3:25'),
(40, 4, 7, 'Listening Wind', 'David Byrne, Brian Eno, Chris Frantz, Jerry Harrison, Tina Weymouth', '4:43'),
(41, 4, 8, 'The Overload', 'David Byrne, Brian Eno, Chris Frantz, Jerry Harrison, Tina Weymouth', '6:02'),
(42, 5, 1, 'Burning Down the House', 'David Byrne, Chris Frantz, Jerry Harrison, Tina Weymouth', '4:01'),
(43, 5, 2, 'Making Flippy Floppy', 'David Byrne, Chris Frantz, Jerry Harrison, Tina Weymouth', '4:34'),
(44, 5, 3, 'Girlfriend Is Better', 'David Byrne, Chris Frantz, Jerry Harrison, Tina Weymouth', '4:22'),
(45, 5, 4, 'Slippery People', 'David Byrne, Chris Frantz, Jerry Harrison, Tina Weymouth', '3:31'),
(46, 5, 5, 'I Get Wild/Wild Gravity', 'David Byrne, Chris Frantz, Jerry Harrison, Tina Weymouth', '4:07'),
(47, 5, 6, 'Swamp', 'David Byrne, Chris Frantz, Jerry Harrison, Tina Weymouth', '5:12'),
(48, 5, 7, 'Moon Rocks', 'David Byrne, Chris Frantz, Jerry Harrison, Tina Weymouth', '5:03'),
(49, 5, 8, 'Pull Up the Roots', 'David Byrne, Chris Frantz, Jerry Harrison, Tina Weymouth', '5:08'),
(50, 5, 9, 'This Must Be the Place (Naive Melody)', 'David Byrne, Chris Frantz, Jerry Harrison, Tina Weymouth', '4:53');

-- --------------------------------------------------------

--
-- Structure de la table `commentaires`
--

CREATE TABLE `commentaires` (
  `id` int(11) NOT NULL,
  `album_id` int(11) NOT NULL,
  `texte` text NOT NULL
) ENGINE=InnoDB DEFAULT CHARSET=utf8mb4;

--
-- Déchargement des données de la table `commentaires`
--

INSERT INTO `commentaires` (`id`, `album_id`, `texte`) VALUES
(1, 4, 'Un bijou intemporel !!!'),
(2, 4, 'Le meilleur album des TH,une originalité extraordinaire pour un album de 38 ans...que de bons souvenirs de cette fabuleuse époque...Merci pour Mr Fela Kuti,pensé pour Joe8410'),
(3, 4, 'rarement vu autant de commentaires pour un album de plus de presque 40 ans et qui reste d\'une originalité et d\'une création hors paire c\'est tout simplement un des 10 best of du rock et jean Philippe ne pourra me contre-dire un vrai chef d\'oeuvre'),
(4, 4, 'Un album assez difficile d\'accès. Mais comme souvent avec TH, les 3/4 des morceaux sont redoutables à la réécoute'),
(5, 1, 'tellement ridicule que ça me plait....\"qu\'est ce que c\'est\"...c\'est grave docteur?'),
(6, 1, 'Purée Psycho killer est tellement ridicule c’est dingue.'),
(7, 1, 'Groupe incontournable, tellement modernes'),
(8, 1, 'First Week / Last Week j\'adore!'),
(9, 1, 'Talking Heads!'),
(10, 3, 'Heaven.....35 ans qu\'il me touche au coeur....comment il sont su ça, si jeune.....real ARTISTS!\''),
(11, 3, 'un autre monde , un monde qui n\'existes plus !!! de la créativité a tous les étages !!!!'),
(12, 3, 'Un must d\'album !!!!'),
(13, 3, 'My life during wartime'),
(14, 2, '★★★★★'),
(15, 2, 'Ya hahhh!! C bon de réécouter ce chef d\'oeuvre!!! Du bon engrais pour nos jeunes oreilles!!!'),
(16, 5, 'poisons'),
(17, 5, 'Reconnaissance avec Cheyenne (Sean) réelle ! THE ARTISTE'),
(18, 5, 'De très bons titres, c\'est pas mon album préféré mais y a du gros. Making flippy floppy, I get Wild, this must be the place.'),
(19, 5, 'violence et misere,emeute ,Thatcher et Reagan s\'entendent pour exploiter le monde,la speculation decole,les salaire et avantage divers des PDG et autres financiers flambent,l\'eccart avec le reste de la population se creuse et annonce la crise 2008 !'),
(20, 5, 'encore un super album,je suis adolescent à l\'époque,scene underground rock post punk,la musique evolue ,son 80\'s,l\'electronique et le hip hop arrivent,Le rock mute,les année radio sont là(les radio pirate aussi!),la world musique s\'installe.'),
(21, 5, 'Burning down the house : chanson parfaite.');

--
-- Index pour les tables déchargées
--

--
-- Index pour la table `albums`
--
ALTER TABLE `albums`
  ADD PRIMARY KEY (`id`);

--
-- Index pour la table `chansons`
--
ALTER TABLE `chansons`
  ADD PRIMARY KEY (`id`);

--
-- Index pour la table `commentaires`
--
ALTER TABLE `commentaires`
  ADD PRIMARY KEY (`id`);

--
-- AUTO_INCREMENT pour les tables déchargées
--

--
-- AUTO_INCREMENT pour la table `albums`
--
ALTER TABLE `albums`
  MODIFY `id` int(11) NOT NULL AUTO_INCREMENT, AUTO_INCREMENT=6;

--
-- AUTO_INCREMENT pour la table `chansons`
--
ALTER TABLE `chansons`
  MODIFY `id` int(11) NOT NULL AUTO_INCREMENT, AUTO_INCREMENT=51;

--
-- AUTO_INCREMENT pour la table `commentaires`
--
ALTER TABLE `commentaires`
  MODIFY `id` int(11) NOT NULL AUTO_INCREMENT, AUTO_INCREMENT=22;
COMMIT;

/*!40101 SET CHARACTER_SET_CLIENT=@OLD_CHARACTER_SET_CLIENT */;
/*!40101 SET CHARACTER_SET_RESULTS=@OLD_CHARACTER_SET_RESULTS */;
/*!40101 SET COLLATION_CONNECTION=@OLD_COLLATION_CONNECTION */;
